 and r?
18
Let h = -3 - -4. Let p(r) be the first derivative of -r**4/4 + 5*r**3/3 + 7*r**2/2 - 4*r + 3. Let z be p(6). Calculate the highest common factor of z and h.
1
Suppose -5*y + 9*y = 3*w - 235, -5*w = -y - 403. Let l be 6*(3/(-2))/(-1). Calculate the highest common divisor of w and l.
9
Let l be 21/2*24/42. Suppose l*b - 9 = 21. Suppose -3*a - 67 = -4*p, -b*p + 5*a + 81 = -9. What is the highest common factor of p and 143?
13
Suppose 4*i + 5*r - 25 = 0, 7 = -9*i + 10*i + r. What is the highest common factor of 230 and i?
10
Let r(b) be the second derivative of b**4/12 + b**3 - 7*b**2/2 - 4*b. Let n be r(-8). What is the highest common factor of 18 and n?
9
Let k be 9*2/9 - -32. Calculate the highest common factor of k and 68.
34
Suppose -9*o + 1365 = 4*o. Calculate the highest common factor of 45 and o.
15
Let f = 248 - 416. Let r = f - -263. Calculate the greatest common divisor of 19 and r.
19
Suppose -2*w + 11 = i, 5*w - 32 = 12*i - 13*i. What is the greatest common factor of w and 28?
7
Let w be (-1 - -2)/(2/16). Let o = 15 + -13. Let x(n) = 9*n**3 - 3*n**2 + 4*n - 4. Let u be x(o). What is the highest common divisor of w and u?
8
Suppose 0 = 3*c - 2*c - 676. Let b be (-4)/14 - c/(-14). Suppose -60*i + 18 = -57*i. Calculate the greatest common divisor of i and b.
6
Let o = 971 + -958. What is the highest common factor of o and 221?
13
Let o(g) = -g**2 - 12*g - 2. Let y be o(-8). Let p(c) = -52*c + 32. Let m be p(-4). Calculate the greatest common factor of m and y.
30
Suppose 2*k - 2 = 3*d - 2*d, -3 = -3*k + 2*d. Let t be (-16)/(k/(-5)*1). What is the greatest common factor of t and 10?
10
Let f = 18 + -20. Let j be (-1)/(-2)*f*103. Let v be -2 - ((j - -3) + -1). Calculate the greatest common factor of v and 66.
33
Let o = 268 + -256. What is the highest common divisor of o and 4?
4
Suppose 141*x = 2659 + 17081. Calculate the highest common factor of x and 364.
28
Let x = -615 + 621. What is the greatest common factor of x and 8?
2
Let n(g) = 4*g**2 + 4*g - 51. Let u be n(6). Suppose 0*j - j + 1 = 0. Suppose 0 = 3*q + 10 - j, -2*y + 4*q = -38. What is the highest common factor of y and u?
13
Let g be -39 - (-6)/(-4)*(-4 - -6). Let f = g + 43. Calculate the greatest common factor of f and 11.
1
Suppose 32 = 4*z + t - 95, -5*z + t + 161 = 0. Let r = -16 - -48. Calculate the highest common divisor of r and z.
32
Let h be 1/2 + 3/6 + 1. Suppose -75 = -h*z - 0*z + 5*a, 0 = 4*z + 5*a - 165. What is the greatest common divisor of 360 and z?
40
Let h be (3 + -3*2)*1. Let k = h + 6. Suppose -2*r = -5*z + 109, -4*r = 3*z - 2*z - 13. What is the greatest common divisor of z and k?
3
Suppose -2*n + 3*d = -12, 4*n + 2*d - 6 = 2. Suppose n*y = -3*g + 153, g + 213 = 4*y - 4*g. Calculate the greatest common divisor of y and 13.
13
Suppose 692 = 4*o - 4*z, -o + 2*z = -26 - 146. Calculate the highest common divisor of 783 and o.
87
Let r be (-20)/6*((-415)/25 + 4). What is the greatest common divisor of r and 105?
21
Let a = -3220 + 6212. Calculate the greatest common divisor of 16 and a.
16
Suppose -5*v - 3 = 4*s + 2, -17 = v + 4*s. Suppose -6*h + v*h + 96 = -3*y, 5*h = 4*y + 163. Calculate the highest common divisor of h and 70.
35
Let g(m) = 33*m + 18. Let l be g(2). What is the greatest common divisor of 63 and l?
21
Suppose 0*v - 4*v - 24 = -4*c, 4*c + v - 14 = 0. Suppose c*l + 175 = 5*g - l, -g + 4*l + 35 = 0. What is the highest common divisor of g and 5?
5
Suppose 0 = -3*n - i - 97, 5*i = 2*n + n + 109. Let y be (-6)/(-2)*n/(-3). Let q be -44*(3/(-2))/3. What is the greatest common factor of q and y?
11
Let d(g) = 3*g - 3. Let z be d(5). Let y be 2/(-8) - 4763/(-44). Suppose 2*h - y = h. What is the highest common divisor of z and h?
12
Let t be 333/(-3)*12/(-9). Let k(s) = s**3 + 10*s**2 + 2*s - 1. Let o be k(-7). Suppose 5*z = o + t. Calculate the greatest common factor of z and 14.
14
Let g(l) = -54*l - 969. Let w be g(-20). Let o be (-224)/(-3) + (-4)/6. What is the highest common factor of o and w?
37
Let a(f) = -3*f**2 - 1. Let l be a(0). Let v be 44/(-16)*(-5 - 0 - l). Calculate the highest common divisor of 99 and v.
11
Let x = 17 + 23. Suppose y - 3*y + x = -4*b, 5*b - 70 = -5*y. Calculate the highest common factor of y and 160.
16
Suppose 773 - 47 = 11*a. Calculate the highest common factor of a and 88.
22
Let g(k) = k**3 + 12*k**2 + 10*k - 21. Let s be g(-9). Let y = -84 + s. What is the greatest common factor of y and 6?
6
Suppose 9*m - 280 = m. Suppose 5*s = 15 + 20. Calculate the greatest common divisor of s and m.
7
Suppose -10*d + 96 = -9*d. Suppose 3*h - d = 3*q, -h = 2*h + q - 88. Calculate the greatest common divisor of h and 10.
10
Suppose 2*j - 66 = -5*h + 9, -3*h + 15 = 0. Let g = -1413 + 1418. Calculate the highest common factor of g and j.
5
Let u = 75 - 110. Let p = -6 - 18. Let h = p - u. Calculate the greatest common divisor of 88 and h.
11
Let y be (-3)/1*(-19838)/39. What is the greatest common divisor of 14 and y?
14
Suppose -3*r = 9 - 30. Suppose 3*o - 110 = -26. What is the highest common factor of o and r?
7
Let c = 4 - 0. Let u be (5 - c) + 3*2. Suppose -u*r = -2*r - 90. What is the highest common factor of r and 45?
9
Let q(n) be the third derivative of -n**4/6 + 4*n**3/3 + 24*n**2. Let c be q(-2). What is the greatest common factor of 2 and c?
2
Let q(a) = -a**3 + 24*a**2 - 24*a + 20. Let y be q(23). Let u(i) = -i**3 - 2*i**2 - i - 1. Let m be u(y). What is the highest common factor of m and 121?
11
Suppose 37*i = -7771 + 28195. What is the highest common factor of i and 24?
24
Let z(v) = 5*v**3 + 13*v**2 - 9*v - 6. Let o be z(6). Suppose 0*a + o = 6*a. What is the highest common factor of a and 31?
31
Suppose m + 0*m - 13 = 0. Let t = m - 13. Suppose -4*i + 225 + 195 = t. What is the highest common divisor of 15 and i?
15
Let q be 4 + (-13)/(39/(-330)). Calculate the greatest common divisor of 76 and q.
38
Suppose -49*g + 42*g = -3906. Calculate the greatest common divisor of g and 18.
18
Let p(c) = -2*c + 65. Let r be p(16). Calculate the highest common divisor of 15 and r.
3
Suppose m - 27 = -4*c - 15, -m + 28 = -4*c. What is the highest common factor of m and 700?
20
Let u be 28/(-10)*(-12)/(144/30). Let o(q) = q**3 + q + 63. Let v be o(0). Calculate the greatest common divisor of u and v.
7
Suppose 2*m + 4 = 3*m. Let o be 66 - (2*-4)/2. Suppose -r = 3*v - 29, -2*v + 96 = 4*r - o. Calculate the highest common divisor of r and m.
4
Suppose -7*i - 20 = -8*i - 4*f, 3*f = -4*i + 28. What is the greatest common divisor of i and 392?
4
Let s = -3 + 5. Suppose -83 - 29 = -8*d. Calculate the greatest common factor of d and s.
2
Let f(d) = 2*d - 6. Let x be f(3). Let s(h) = x + 11 - h + 3. Let n be s(7). Calculate the greatest common divisor of 35 and n.
7
Let a be ((-5)/20)/(1/(-12)). Suppose 300 = -a*j + 8*j. Let m(p) = -3*p. Let q be m(-4). Calculate the greatest common factor of q and j.
12
Suppose -2*j - 18 = -4*j. Let b = -341 - -347. Calculate the greatest common divisor of b and j.
3
Let y(a) = 3*a**2 + 4. Let z(w) = 2*w. Let n(m) = y(m) - 2*z(m). Let r be ((-4)/(-6))/(2/18). Let c be n(r). What is the highest common divisor of c and 8?
8
Let a = 50 + -20. Suppose 6*t = t + a. Calculate the highest common divisor of t and 42.
6
Suppose -413 = -7*v - 84. What is the highest common factor of 47 and v?
47
Let v(f) = -f**3 + 2*f**2 + 4*f - 4. Let y be v(5). Let n = 11 - y. What is the greatest common factor of n and 28?
14
Let g be (-40)/6*-12*60/64. What is the greatest common factor of g and 600?
75
Suppose z - 6 = -x + 2, 0 = -5*z + 3*x + 40. Suppose 2*o - z = 2*m, -m - 1 = 1. Suppose 44 = 4*s - o*s. What is the highest common divisor of s and 242?
22
Suppose -a - 5*l = -4*l + 74, 5*a - 2*l + 384 = 0. Let c = 79 + a. Calculate the greatest common divisor of 51 and c.
3
Suppose p - 670 = -2*p + m, 0 = -5*p - 4*m + 1094. Let k = -117 + p. Calculate the highest common divisor of 30 and k.
15
Let n = 164 - 62. Suppose -3*q - 4*m + 3*m = -79, 4*q - n = -2*m. Suppose -5*a = 0, -5*a + 36 + q = 2*t. What is the greatest common divisor of 4 and t?
4
Let b(s) = 5*s**3 - 3*s + 2. Let f be b(2). Suppose f = 2*n + 6. Let a = 19 - n. What is the greatest common divisor of a and 36?
4
Suppose 5*w - 2*l - 323 = 0, 